{"id":1056,"date":"2020-08-04T10:55:52","date_gmt":"2020-08-04T10:55:52","guid":{"rendered":"https:\/\/conpleks.com\/innovation\/?page_id=1056"},"modified":"2022-05-05T06:39:19","modified_gmt":"2022-05-05T06:39:19","slug":"aarhus-universitet","status":"publish","type":"page","link":"https:\/\/conpleks.com\/innovation\/innovation\/referencer\/aarhus-universitet\/","title":{"rendered":"Aarhus Universitet"},"content":{"rendered":"<div class=\"entry_content clear\">\n<h3>Effektivisering af logistikforskning med Conpleks Clara Cloud<\/h3>\n<p style=\"text-align: center;\"><em><br \/>\n\u201dFidusen ved at have det hele samlet hos Conpleks er, at alle data kommer i \u00e9t format, uanset om traktoren er gul, r\u00f8d, gr\u00f8n eller bl\u00e5, og at vi kan tilg\u00e5 dataene i skyen, hvor end vi er. P\u00e5 den m\u00e5de f\u00e5r vi et ordentligt og tilg\u00e6ngeligt datagrundlag at beregne p\u00e5\u201d<\/em><\/p>\n<p style=\"text-align: center;\">&#8211; Michael N\u00f8rremark, Seniorr\u00e5dgiver ved \u00c5rhus Universitet, Institut for Ingeni\u00f8rvidenskab<\/p>\n<p style=\"text-align: left;\"><strong>Dataindsamling til forskning<\/strong><br \/>\nForskere fra Aarhus Universitet analyserer logistik i landbruget ved at monitorere et st\u00f8rre dansk landbrugs fl\u00e5de af h\u00f8stmaskiner. Form\u00e5let med logistikforskningen er at nedbringe landbrugets h\u00f8stomkostninger gennem konkrete l\u00f8sningsforslag.<\/p>\n<p>Til selve dataindsamlingen anvender forskerne ti trackere fra Conpleks Innovation kombineret med virksomhedens cloudl\u00f8sning, Conpleks Clara Cloud. Trackerne leverer real-time data i form af maskinernes hastighed og placering, som kan ses og downloades i skyen. Forskerne laver derefter en adf\u00e6rdsanalyse for maskinfl\u00e5den ud fra disse data, herunder hvor den ene maskine er i forhold til den anden p\u00e5 et givent tidspunkt.<\/p>\n<p>&#8211; Tidligere havde vi en mand p\u00e5 hvert redskab, som manuelt tidsregistrerede alt. Det er ikke n\u00f8dvendigt l\u00e6ngere, idet vi hele tiden kan se n\u00f8jagtigt, hvor alle maskiner befinder sig. P\u00e5 den m\u00e5de kan vi skabe os et overblik uden at skulle v\u00e6re til stede. S\u00e5 dette er en l\u00f8sning, vi kommer til at bruge i mange forskellige projekter fremover, fort\u00e6ller Michael N\u00f8rremark.<\/p>\n<p style=\"padding-left: 40px;\"><a href=\"https:\/\/eng.au.dk\/en\/research\/electrical-and-computer-engineering\/control-and-automation\/operations-management\/\" target=\"_blank\" rel=\"noopener noreferrer\"><img loading=\"lazy\" decoding=\"async\" class=\"alignnone wp-image-1210\" src=\"https:\/\/conpleks.com\/innovation\/wp-content\/uploads\/sites\/3\/2020\/08\/Conpleks-reference_AU-Engineering.png\" alt=\"Forskere fra AU anvender Conpleks Trackere\" width=\"275\" height=\"260\" \/><\/a>\u00a0 \u00a0 \u00a0 <a href=\"https:\/\/conpleks.com\/innovation\/trackere-skaber-teknologisk-kvantespring-for-logistikforskning\/\" target=\"_blank\" rel=\"noopener noreferrer\"><img loading=\"lazy\" decoding=\"async\" class=\"alignnone wp-image-1208\" src=\"https:\/\/conpleks.com\/innovation\/wp-content\/uploads\/sites\/3\/2020\/08\/AU-Reference_Conpleks-934x1024.jpg\" alt=\"Conpleks Trackers helps researchers from AU\" width=\"237\" height=\"260\" srcset=\"https:\/\/conpleks.com\/innovation\/wp-content\/uploads\/sites\/3\/2020\/08\/AU-Reference_Conpleks-934x1024.jpg 934w, https:\/\/conpleks.com\/innovation\/wp-content\/uploads\/sites\/3\/2020\/08\/AU-Reference_Conpleks-274x300.jpg 274w, https:\/\/conpleks.com\/innovation\/wp-content\/uploads\/sites\/3\/2020\/08\/AU-Reference_Conpleks-768x842.jpg 768w, https:\/\/conpleks.com\/innovation\/wp-content\/uploads\/sites\/3\/2020\/08\/AU-Reference_Conpleks-1401x1536.jpg 1401w, https:\/\/conpleks.com\/innovation\/wp-content\/uploads\/sites\/3\/2020\/08\/AU-Reference_Conpleks-1867x2048.jpg 1867w, https:\/\/conpleks.com\/innovation\/wp-content\/uploads\/sites\/3\/2020\/08\/AU-Reference_Conpleks-700x768.jpg 700w\" sizes=\"(max-width: 237px) 100vw, 237px\" \/><\/a><\/p>\n<p style=\"text-align: center;\">Klik p\u00e5 logoet ovenfor for at l\u00e6se mere om Aarhus Universitet,<br \/>\neller klik p\u00e5 billedet til h\u00f8jre for at f\u00e5 flere informationer om forskningsprojektet.<\/p>\n<\/div>\n","protected":false},"excerpt":{"rendered":"<p>Effektivisering af logistikforskning med Conpleks Clara Cloud \u201dFidusen ved at have det hele samlet hos Conpleks er, at alle data kommer i \u00e9t format, uanset om traktoren er gul, r\u00f8d, gr\u00f8n eller bl\u00e5, og at vi kan tilg\u00e5 dataene i skyen, hvor end vi er. P\u00e5 den m\u00e5de f\u00e5r vi et ordentligt og tilg\u00e6ngeligt datagrundlag [&hellip;]<\/p>\n","protected":false},"author":4,"featured_media":0,"parent":81,"menu_order":0,"comment_status":"closed","ping_status":"closed","template":"","meta":{"footnotes":""},"class_list":["post-1056","page","type-page","status-publish","hentry"],"yoast_head":"<!-- This site is optimized with the Yoast SEO plugin v23.2 - https:\/\/yoast.com\/wordpress\/plugins\/seo\/ -->\n<title>Aarhus Universitet - Innovation<\/title>\n<meta name=\"robots\" content=\"index, follow, max-snippet:-1, max-image-preview:large, max-video-preview:-1\" \/>\n<link rel=\"canonical\" href=\"https:\/\/conpleks.com\/innovation\/innovation\/referencer\/aarhus-universitet\/\" \/>\n<meta property=\"og:locale\" content=\"da_DK\" \/>\n<meta property=\"og:type\" content=\"article\" \/>\n<meta property=\"og:title\" content=\"Aarhus Universitet - Innovation\" \/>\n<meta property=\"og:description\" content=\"Effektivisering af logistikforskning med Conpleks Clara Cloud \u201dFidusen ved at have det hele samlet hos Conpleks er, at alle data kommer i \u00e9t format, uanset om traktoren er gul, r\u00f8d, gr\u00f8n eller bl\u00e5, og at vi kan tilg\u00e5 dataene i skyen, hvor end vi er. P\u00e5 den m\u00e5de f\u00e5r vi et ordentligt og tilg\u00e6ngeligt datagrundlag [&hellip;]\" \/>\n<meta property=\"og:url\" content=\"https:\/\/conpleks.com\/innovation\/innovation\/referencer\/aarhus-universitet\/\" \/>\n<meta property=\"og:site_name\" content=\"Innovation\" \/>\n<meta property=\"article:modified_time\" content=\"2022-05-05T06:39:19+00:00\" \/>\n<meta property=\"og:image\" content=\"https:\/\/conpleks.com\/innovation\/wp-content\/uploads\/sites\/3\/2020\/08\/Conpleks-reference_AU-Engineering.png\" \/>\n<meta name=\"twitter:card\" content=\"summary_large_image\" \/>\n<meta name=\"twitter:label1\" content=\"Est. reading time\" \/>\n\t<meta name=\"twitter:data1\" content=\"2 minutter\" \/>\n<script type=\"application\/ld+json\" class=\"yoast-schema-graph\">{\"@context\":\"https:\/\/schema.org\",\"@graph\":[{\"@type\":\"WebPage\",\"@id\":\"https:\/\/conpleks.com\/innovation\/innovation\/referencer\/aarhus-universitet\/\",\"url\":\"https:\/\/conpleks.com\/innovation\/innovation\/referencer\/aarhus-universitet\/\",\"name\":\"Aarhus Universitet - Innovation\",\"isPartOf\":{\"@id\":\"https:\/\/conpleks.com\/innovation\/?lang=en\/#website\"},\"primaryImageOfPage\":{\"@id\":\"https:\/\/conpleks.com\/innovation\/innovation\/referencer\/aarhus-universitet\/#primaryimage\"},\"image\":{\"@id\":\"https:\/\/conpleks.com\/innovation\/innovation\/referencer\/aarhus-universitet\/#primaryimage\"},\"thumbnailUrl\":\"https:\/\/conpleks.com\/innovation\/wp-content\/uploads\/sites\/3\/2020\/08\/Conpleks-reference_AU-Engineering.png\",\"datePublished\":\"2020-08-04T10:55:52+00:00\",\"dateModified\":\"2022-05-05T06:39:19+00:00\",\"breadcrumb\":{\"@id\":\"https:\/\/conpleks.com\/innovation\/innovation\/referencer\/aarhus-universitet\/#breadcrumb\"},\"inLanguage\":\"da-DK\",\"potentialAction\":[{\"@type\":\"ReadAction\",\"target\":[\"https:\/\/conpleks.com\/innovation\/innovation\/referencer\/aarhus-universitet\/\"]}]},{\"@type\":\"ImageObject\",\"inLanguage\":\"da-DK\",\"@id\":\"https:\/\/conpleks.com\/innovation\/innovation\/referencer\/aarhus-universitet\/#primaryimage\",\"url\":\"https:\/\/conpleks.com\/innovation\/wp-content\/uploads\/sites\/3\/2020\/08\/Conpleks-reference_AU-Engineering.png\",\"contentUrl\":\"https:\/\/conpleks.com\/innovation\/wp-content\/uploads\/sites\/3\/2020\/08\/Conpleks-reference_AU-Engineering.png\",\"width\":180,\"height\":170,\"caption\":\"Forskere fra AU anvender Conpleks Trackere\"},{\"@type\":\"BreadcrumbList\",\"@id\":\"https:\/\/conpleks.com\/innovation\/innovation\/referencer\/aarhus-universitet\/#breadcrumb\",\"itemListElement\":[{\"@type\":\"ListItem\",\"position\":1,\"name\":\"Home\",\"item\":\"https:\/\/conpleks.com\/innovation\/\"},{\"@type\":\"ListItem\",\"position\":2,\"name\":\"Innovation\",\"item\":\"https:\/\/conpleks.com\/innovation\/innovation\/\"},{\"@type\":\"ListItem\",\"position\":3,\"name\":\"Referencer\",\"item\":\"https:\/\/conpleks.com\/innovation\/innovation\/referencer\/\"},{\"@type\":\"ListItem\",\"position\":4,\"name\":\"Aarhus Universitet\"}]},{\"@type\":\"WebSite\",\"@id\":\"https:\/\/conpleks.com\/innovation\/?lang=en\/#website\",\"url\":\"https:\/\/conpleks.com\/innovation\/?lang=en\/\",\"name\":\"Innovation\",\"description\":\"Outdoor Mobile Robots\",\"potentialAction\":[{\"@type\":\"SearchAction\",\"target\":{\"@type\":\"EntryPoint\",\"urlTemplate\":\"https:\/\/conpleks.com\/innovation\/?lang=en\/?s={search_term_string}\"},\"query-input\":\"required name=search_term_string\"}],\"inLanguage\":\"da-DK\"}]}<\/script>\n<!-- \/ Yoast SEO plugin. -->","yoast_head_json":{"title":"Aarhus Universitet - Innovation","robots":{"index":"index","follow":"follow","max-snippet":"max-snippet:-1","max-image-preview":"max-image-preview:large","max-video-preview":"max-video-preview:-1"},"canonical":"https:\/\/conpleks.com\/innovation\/innovation\/referencer\/aarhus-universitet\/","og_locale":"da_DK","og_type":"article","og_title":"Aarhus Universitet - Innovation","og_description":"Effektivisering af logistikforskning med Conpleks Clara Cloud \u201dFidusen ved at have det hele samlet hos Conpleks er, at alle data kommer i \u00e9t format, uanset om traktoren er gul, r\u00f8d, gr\u00f8n eller bl\u00e5, og at vi kan tilg\u00e5 dataene i skyen, hvor end vi er. P\u00e5 den m\u00e5de f\u00e5r vi et ordentligt og tilg\u00e6ngeligt datagrundlag [&hellip;]","og_url":"https:\/\/conpleks.com\/innovation\/innovation\/referencer\/aarhus-universitet\/","og_site_name":"Innovation","article_modified_time":"2022-05-05T06:39:19+00:00","og_image":[{"url":"https:\/\/conpleks.com\/innovation\/wp-content\/uploads\/sites\/3\/2020\/08\/Conpleks-reference_AU-Engineering.png"}],"twitter_card":"summary_large_image","twitter_misc":{"Est. reading time":"2 minutter"},"schema":{"@context":"https:\/\/schema.org","@graph":[{"@type":"WebPage","@id":"https:\/\/conpleks.com\/innovation\/innovation\/referencer\/aarhus-universitet\/","url":"https:\/\/conpleks.com\/innovation\/innovation\/referencer\/aarhus-universitet\/","name":"Aarhus Universitet - Innovation","isPartOf":{"@id":"https:\/\/conpleks.com\/innovation\/?lang=en\/#website"},"primaryImageOfPage":{"@id":"https:\/\/conpleks.com\/innovation\/innovation\/referencer\/aarhus-universitet\/#primaryimage"},"image":{"@id":"https:\/\/conpleks.com\/innovation\/innovation\/referencer\/aarhus-universitet\/#primaryimage"},"thumbnailUrl":"https:\/\/conpleks.com\/innovation\/wp-content\/uploads\/sites\/3\/2020\/08\/Conpleks-reference_AU-Engineering.png","datePublished":"2020-08-04T10:55:52+00:00","dateModified":"2022-05-05T06:39:19+00:00","breadcrumb":{"@id":"https:\/\/conpleks.com\/innovation\/innovation\/referencer\/aarhus-universitet\/#breadcrumb"},"inLanguage":"da-DK","potentialAction":[{"@type":"ReadAction","target":["https:\/\/conpleks.com\/innovation\/innovation\/referencer\/aarhus-universitet\/"]}]},{"@type":"ImageObject","inLanguage":"da-DK","@id":"https:\/\/conpleks.com\/innovation\/innovation\/referencer\/aarhus-universitet\/#primaryimage","url":"https:\/\/conpleks.com\/innovation\/wp-content\/uploads\/sites\/3\/2020\/08\/Conpleks-reference_AU-Engineering.png","contentUrl":"https:\/\/conpleks.com\/innovation\/wp-content\/uploads\/sites\/3\/2020\/08\/Conpleks-reference_AU-Engineering.png","width":180,"height":170,"caption":"Forskere fra AU anvender Conpleks Trackere"},{"@type":"BreadcrumbList","@id":"https:\/\/conpleks.com\/innovation\/innovation\/referencer\/aarhus-universitet\/#breadcrumb","itemListElement":[{"@type":"ListItem","position":1,"name":"Home","item":"https:\/\/conpleks.com\/innovation\/"},{"@type":"ListItem","position":2,"name":"Innovation","item":"https:\/\/conpleks.com\/innovation\/innovation\/"},{"@type":"ListItem","position":3,"name":"Referencer","item":"https:\/\/conpleks.com\/innovation\/innovation\/referencer\/"},{"@type":"ListItem","position":4,"name":"Aarhus Universitet"}]},{"@type":"WebSite","@id":"https:\/\/conpleks.com\/innovation\/?lang=en\/#website","url":"https:\/\/conpleks.com\/innovation\/?lang=en\/","name":"Innovation","description":"Outdoor Mobile Robots","potentialAction":[{"@type":"SearchAction","target":{"@type":"EntryPoint","urlTemplate":"https:\/\/conpleks.com\/innovation\/?lang=en\/?s={search_term_string}"},"query-input":"required name=search_term_string"}],"inLanguage":"da-DK"}]}},"_links":{"self":[{"href":"https:\/\/conpleks.com\/innovation\/wp-json\/wp\/v2\/pages\/1056"}],"collection":[{"href":"https:\/\/conpleks.com\/innovation\/wp-json\/wp\/v2\/pages"}],"about":[{"href":"https:\/\/conpleks.com\/innovation\/wp-json\/wp\/v2\/types\/page"}],"author":[{"embeddable":true,"href":"https:\/\/conpleks.com\/innovation\/wp-json\/wp\/v2\/users\/4"}],"replies":[{"embeddable":true,"href":"https:\/\/conpleks.com\/innovation\/wp-json\/wp\/v2\/comments?post=1056"}],"version-history":[{"count":13,"href":"https:\/\/conpleks.com\/innovation\/wp-json\/wp\/v2\/pages\/1056\/revisions"}],"predecessor-version":[{"id":1624,"href":"https:\/\/conpleks.com\/innovation\/wp-json\/wp\/v2\/pages\/1056\/revisions\/1624"}],"up":[{"embeddable":true,"href":"https:\/\/conpleks.com\/innovation\/wp-json\/wp\/v2\/pages\/81"}],"wp:attachment":[{"href":"https:\/\/conpleks.com\/innovation\/wp-json\/wp\/v2\/media?parent=1056"}],"curies":[{"name":"wp","href":"https:\/\/api.w.org\/{rel}","templated":true}]}}