{"id":1081,"date":"2020-08-04T13:28:10","date_gmt":"2020-08-04T13:28:10","guid":{"rendered":"https:\/\/conpleks.com\/innovation\/?page_id=1081"},"modified":"2024-03-01T13:01:05","modified_gmt":"2024-03-01T13:01:05","slug":"prototyper","status":"publish","type":"page","link":"https:\/\/conpleks.com\/innovation\/innovation\/prototyper\/","title":{"rendered":"Prototyper"},"content":{"rendered":"<div class=\"entry_content clear\">\n<p>En prototype er en \u201dsimpel visualisering\u201d af et produkt, der bruges til at teste jeres id\u00e9. Prototyper er medvirkende til, at man kan komme hurtigere p\u00e5 markedet. Metoden er bygget p\u00e5 princippet om at fejle hurtigt, eksperimentere frit og l\u00e6re undervejs for at n\u00e5 det \u00f8nskede resultat. At finde fejl g\u00f8r en klogere p\u00e5 produktet og optimerer l\u00f8sningerne.<\/p>\n<p>Hver dag opst\u00e5r der tusindvis af nye id\u00e9er for at l\u00f8se et specifikt problem. Det er langt fra dem alle, der bliver f\u00f8rt ud i livet og ingen kan med absolut sikkerhed sige, om deres id\u00e9 vil fungere i praksis. Nogle gange fejler selv fantastiske id\u00e9er, fordi de er for komplekse at bruge eller forst\u00e5. Her kan Conpleks hj\u00e6lpe dig rigtig godt p\u00e5 vej til en optimal l\u00f8sning.<\/p>\n<p>&nbsp;<\/p>\n<h2>Hvorfor v\u00e6lge Conpleks:<\/h2>\n<ul>\n<li>Hos Conpleks forst\u00e5r vi den afg\u00f8rende rolle, prototyper spiller i udviklingen af et produkt. Prototyper fungerer som et fundament for at teste koncepter, forbedre designs og sikre produkter.<\/li>\n<li>Vi \u00f8nsker at medvirke til, at I f\u00e5r omkostningseffektive og virkelighedstro l\u00f8sninger, der g\u00f8r det muligt for jer at oms\u00e6tte jeres visioner til virkelighed.<\/li>\n<li>Hos Conpleks har vi specialiseret os i at skabe proof of concepts og mockups. Dette vil blive skr\u00e6ddersyet til dit unikke behov, hvilket muligg\u00f8r, at vi kan f\u00e5 unders\u00f8gt levedygtigheden af din id\u00e9 og f\u00e5 testet id\u00e9en p\u00e5 s\u00e5 tidlig et stadie som muligt.<\/li>\n<li>Vi vil kunne hj\u00e6lpe med udviklingen af produktkoncepter &#8211; b\u00e5de n\u00e5r den specifikke id\u00e9 stadig er i sin opstart, men ogs\u00e5 hvis I skulle v\u00e6re l\u00e6ngere i jeres udvikling af et givent produkt. Vi g\u00f8r vores til at sikrer, at jeres id\u00e9(er) bliver grundigt unders\u00f8gt og forbedret, samtidig med at vi ogs\u00e5 giver vores besyv med.<\/li>\n<\/ul>\n<p>&nbsp;<\/p>\n<h2>Identifikation af problemer og minimering af risiko:<\/h2>\n<p>&nbsp;<br \/>\nPrototyper baner vejen for, at man kan opdage mulige udfordringer i produktudviklingen. Dette giver dig muligheden for, at du proaktivt kan h\u00e5ndtere eventuelle udfordringerne, der kan opst\u00e5. Ved at opdage og konkretisere dette s\u00e5 tidligt som muligt, sparer det dig for v\u00e6rdifuld tid og ressourcer. Dette ville ellers have v\u00e6ret investeret i at udvikle et produkt, der m\u00e5ske ikke efterkommer markedets krav.<\/p>\n<p>I bund og grund vil et samarbejde med Conpleks udruste dig med den rette knowhow. Dette er n\u00f8dvendigt for at kunne komme godt og sikkert igennem produktudviklingen. Dette er lige fra konceptvalidering til probleml\u00f8sning.<\/p>\n<p>Conpleks er her for at st\u00f8tte din virksomhed p\u00e5 hvert skridt af rejsen. Giv os et <a href=\"https:\/\/conpleks.com\/innovation\/contact\/\">kald eller send os en e-mail<\/a>, s\u00e5 vi kan hj\u00e6lpe jer i den rigtige retning.<br \/>\nVi ser frem til at h\u00f8re fra dig.<\/p>\n<p>&nbsp;<\/p>\n<p><img loading=\"lazy\" decoding=\"async\" class=\"alignnone wp-image-1203\" src=\"https:\/\/conpleks.com\/innovation\/wp-content\/uploads\/sites\/3\/2020\/08\/Conpleks_Mockup-in-making-1024x606.jpg\" alt=\"Conpleks makes cost effective moackups\" width=\"316\" height=\"187\" srcset=\"https:\/\/conpleks.com\/innovation\/wp-content\/uploads\/sites\/3\/2020\/08\/Conpleks_Mockup-in-making-1024x606.jpg 1024w, https:\/\/conpleks.com\/innovation\/wp-content\/uploads\/sites\/3\/2020\/08\/Conpleks_Mockup-in-making-300x177.jpg 300w, https:\/\/conpleks.com\/innovation\/wp-content\/uploads\/sites\/3\/2020\/08\/Conpleks_Mockup-in-making-768x454.jpg 768w, https:\/\/conpleks.com\/innovation\/wp-content\/uploads\/sites\/3\/2020\/08\/Conpleks_Mockup-in-making-1536x909.jpg 1536w, https:\/\/conpleks.com\/innovation\/wp-content\/uploads\/sites\/3\/2020\/08\/Conpleks_Mockup-in-making-2048x1211.jpg 2048w, https:\/\/conpleks.com\/innovation\/wp-content\/uploads\/sites\/3\/2020\/08\/Conpleks_Mockup-in-making-700x414.jpg 700w\" sizes=\"(max-width: 316px) 100vw, 316px\" \/>\u00a0 \u00a0 \u00a0 <img loading=\"lazy\" decoding=\"async\" class=\"alignnone wp-image-1205\" src=\"https:\/\/conpleks.com\/innovation\/wp-content\/uploads\/sites\/3\/2020\/08\/Conpleks_Proto-type-1024x606.jpg\" alt=\"\" width=\"316\" height=\"187\" srcset=\"https:\/\/conpleks.com\/innovation\/wp-content\/uploads\/sites\/3\/2020\/08\/Conpleks_Proto-type-1024x606.jpg 1024w, https:\/\/conpleks.com\/innovation\/wp-content\/uploads\/sites\/3\/2020\/08\/Conpleks_Proto-type-300x177.jpg 300w, https:\/\/conpleks.com\/innovation\/wp-content\/uploads\/sites\/3\/2020\/08\/Conpleks_Proto-type-768x454.jpg 768w, https:\/\/conpleks.com\/innovation\/wp-content\/uploads\/sites\/3\/2020\/08\/Conpleks_Proto-type-1536x909.jpg 1536w, https:\/\/conpleks.com\/innovation\/wp-content\/uploads\/sites\/3\/2020\/08\/Conpleks_Proto-type-2048x1211.jpg 2048w, https:\/\/conpleks.com\/innovation\/wp-content\/uploads\/sites\/3\/2020\/08\/Conpleks_Proto-type-700x414.jpg 700w\" sizes=\"(max-width: 316px) 100vw, 316px\" \/><\/div>\n","protected":false},"excerpt":{"rendered":"<p>En prototype er en \u201dsimpel visualisering\u201d af et produkt, der bruges til at teste jeres id\u00e9. Prototyper er medvirkende til, at man kan komme hurtigere p\u00e5 markedet. Metoden er bygget p\u00e5 princippet om at fejle hurtigt, eksperimentere frit og l\u00e6re undervejs for at n\u00e5 det \u00f8nskede resultat. At finde fejl g\u00f8r en klogere p\u00e5 produktet [&hellip;]<\/p>\n","protected":false},"author":4,"featured_media":0,"parent":30,"menu_order":0,"comment_status":"closed","ping_status":"closed","template":"","meta":{"footnotes":""},"class_list":["post-1081","page","type-page","status-publish","hentry"],"yoast_head":"<!-- This site is optimized with the Yoast SEO plugin v23.2 - https:\/\/yoast.com\/wordpress\/plugins\/seo\/ -->\n<title>Prototyper - Innovation<\/title>\n<meta name=\"description\" content=\"\u00d8nsker du hj\u00e6lp med opbygningen af prototyper? S\u00e5 er Conpleks din sparringspartner. Vi sikre dig et godt og solidt produkt fremover!\" \/>\n<meta name=\"robots\" content=\"index, follow, max-snippet:-1, max-image-preview:large, max-video-preview:-1\" \/>\n<link rel=\"canonical\" href=\"https:\/\/conpleks.com\/innovation\/innovation\/prototyper\/\" \/>\n<meta property=\"og:locale\" content=\"da_DK\" \/>\n<meta property=\"og:type\" content=\"article\" \/>\n<meta property=\"og:title\" content=\"Prototyper - Innovation\" \/>\n<meta property=\"og:description\" content=\"\u00d8nsker du hj\u00e6lp med opbygningen af prototyper? S\u00e5 er Conpleks din sparringspartner. Vi sikre dig et godt og solidt produkt fremover!\" \/>\n<meta property=\"og:url\" content=\"https:\/\/conpleks.com\/innovation\/innovation\/prototyper\/\" \/>\n<meta property=\"og:site_name\" content=\"Innovation\" \/>\n<meta property=\"article:modified_time\" content=\"2024-03-01T13:01:05+00:00\" \/>\n<meta property=\"og:image\" content=\"https:\/\/conpleks.com\/innovation\/wp-content\/uploads\/sites\/3\/2020\/08\/Conpleks_Mockup-in-making-1024x606.jpg\" \/>\n<meta name=\"twitter:card\" content=\"summary_large_image\" \/>\n<meta name=\"twitter:label1\" content=\"Est. reading time\" \/>\n\t<meta name=\"twitter:data1\" content=\"3 minutter\" \/>\n<script type=\"application\/ld+json\" class=\"yoast-schema-graph\">{\"@context\":\"https:\/\/schema.org\",\"@graph\":[{\"@type\":\"WebPage\",\"@id\":\"https:\/\/conpleks.com\/innovation\/innovation\/prototyper\/\",\"url\":\"https:\/\/conpleks.com\/innovation\/innovation\/prototyper\/\",\"name\":\"Prototyper - Innovation\",\"isPartOf\":{\"@id\":\"https:\/\/conpleks.com\/innovation\/?lang=en\/#website\"},\"primaryImageOfPage\":{\"@id\":\"https:\/\/conpleks.com\/innovation\/innovation\/prototyper\/#primaryimage\"},\"image\":{\"@id\":\"https:\/\/conpleks.com\/innovation\/innovation\/prototyper\/#primaryimage\"},\"thumbnailUrl\":\"https:\/\/conpleks.com\/innovation\/wp-content\/uploads\/sites\/3\/2020\/08\/Conpleks_Mockup-in-making-1024x606.jpg\",\"datePublished\":\"2020-08-04T13:28:10+00:00\",\"dateModified\":\"2024-03-01T13:01:05+00:00\",\"description\":\"\u00d8nsker du hj\u00e6lp med opbygningen af prototyper? S\u00e5 er Conpleks din sparringspartner. Vi sikre dig et godt og solidt produkt fremover!\",\"breadcrumb\":{\"@id\":\"https:\/\/conpleks.com\/innovation\/innovation\/prototyper\/#breadcrumb\"},\"inLanguage\":\"da-DK\",\"potentialAction\":[{\"@type\":\"ReadAction\",\"target\":[\"https:\/\/conpleks.com\/innovation\/innovation\/prototyper\/\"]}]},{\"@type\":\"ImageObject\",\"inLanguage\":\"da-DK\",\"@id\":\"https:\/\/conpleks.com\/innovation\/innovation\/prototyper\/#primaryimage\",\"url\":\"https:\/\/conpleks.com\/innovation\/wp-content\/uploads\/sites\/3\/2020\/08\/Conpleks_Mockup-in-making-scaled.jpg\",\"contentUrl\":\"https:\/\/conpleks.com\/innovation\/wp-content\/uploads\/sites\/3\/2020\/08\/Conpleks_Mockup-in-making-scaled.jpg\",\"width\":2560,\"height\":1514,\"caption\":\"Conpleks makes cost effective moackups\"},{\"@type\":\"BreadcrumbList\",\"@id\":\"https:\/\/conpleks.com\/innovation\/innovation\/prototyper\/#breadcrumb\",\"itemListElement\":[{\"@type\":\"ListItem\",\"position\":1,\"name\":\"Home\",\"item\":\"https:\/\/conpleks.com\/innovation\/\"},{\"@type\":\"ListItem\",\"position\":2,\"name\":\"Innovation\",\"item\":\"https:\/\/conpleks.com\/innovation\/innovation\/\"},{\"@type\":\"ListItem\",\"position\":3,\"name\":\"Prototyper\"}]},{\"@type\":\"WebSite\",\"@id\":\"https:\/\/conpleks.com\/innovation\/?lang=en\/#website\",\"url\":\"https:\/\/conpleks.com\/innovation\/?lang=en\/\",\"name\":\"Innovation\",\"description\":\"Outdoor Mobile Robots\",\"potentialAction\":[{\"@type\":\"SearchAction\",\"target\":{\"@type\":\"EntryPoint\",\"urlTemplate\":\"https:\/\/conpleks.com\/innovation\/?lang=en\/?s={search_term_string}\"},\"query-input\":\"required name=search_term_string\"}],\"inLanguage\":\"da-DK\"}]}<\/script>\n<!-- \/ Yoast SEO plugin. -->","yoast_head_json":{"title":"Prototyper - Innovation","description":"\u00d8nsker du hj\u00e6lp med opbygningen af prototyper? S\u00e5 er Conpleks din sparringspartner. Vi sikre dig et godt og solidt produkt fremover!","robots":{"index":"index","follow":"follow","max-snippet":"max-snippet:-1","max-image-preview":"max-image-preview:large","max-video-preview":"max-video-preview:-1"},"canonical":"https:\/\/conpleks.com\/innovation\/innovation\/prototyper\/","og_locale":"da_DK","og_type":"article","og_title":"Prototyper - Innovation","og_description":"\u00d8nsker du hj\u00e6lp med opbygningen af prototyper? S\u00e5 er Conpleks din sparringspartner. Vi sikre dig et godt og solidt produkt fremover!","og_url":"https:\/\/conpleks.com\/innovation\/innovation\/prototyper\/","og_site_name":"Innovation","article_modified_time":"2024-03-01T13:01:05+00:00","og_image":[{"url":"https:\/\/conpleks.com\/innovation\/wp-content\/uploads\/sites\/3\/2020\/08\/Conpleks_Mockup-in-making-1024x606.jpg"}],"twitter_card":"summary_large_image","twitter_misc":{"Est. reading time":"3 minutter"},"schema":{"@context":"https:\/\/schema.org","@graph":[{"@type":"WebPage","@id":"https:\/\/conpleks.com\/innovation\/innovation\/prototyper\/","url":"https:\/\/conpleks.com\/innovation\/innovation\/prototyper\/","name":"Prototyper - Innovation","isPartOf":{"@id":"https:\/\/conpleks.com\/innovation\/?lang=en\/#website"},"primaryImageOfPage":{"@id":"https:\/\/conpleks.com\/innovation\/innovation\/prototyper\/#primaryimage"},"image":{"@id":"https:\/\/conpleks.com\/innovation\/innovation\/prototyper\/#primaryimage"},"thumbnailUrl":"https:\/\/conpleks.com\/innovation\/wp-content\/uploads\/sites\/3\/2020\/08\/Conpleks_Mockup-in-making-1024x606.jpg","datePublished":"2020-08-04T13:28:10+00:00","dateModified":"2024-03-01T13:01:05+00:00","description":"\u00d8nsker du hj\u00e6lp med opbygningen af prototyper? S\u00e5 er Conpleks din sparringspartner. Vi sikre dig et godt og solidt produkt fremover!","breadcrumb":{"@id":"https:\/\/conpleks.com\/innovation\/innovation\/prototyper\/#breadcrumb"},"inLanguage":"da-DK","potentialAction":[{"@type":"ReadAction","target":["https:\/\/conpleks.com\/innovation\/innovation\/prototyper\/"]}]},{"@type":"ImageObject","inLanguage":"da-DK","@id":"https:\/\/conpleks.com\/innovation\/innovation\/prototyper\/#primaryimage","url":"https:\/\/conpleks.com\/innovation\/wp-content\/uploads\/sites\/3\/2020\/08\/Conpleks_Mockup-in-making-scaled.jpg","contentUrl":"https:\/\/conpleks.com\/innovation\/wp-content\/uploads\/sites\/3\/2020\/08\/Conpleks_Mockup-in-making-scaled.jpg","width":2560,"height":1514,"caption":"Conpleks makes cost effective moackups"},{"@type":"BreadcrumbList","@id":"https:\/\/conpleks.com\/innovation\/innovation\/prototyper\/#breadcrumb","itemListElement":[{"@type":"ListItem","position":1,"name":"Home","item":"https:\/\/conpleks.com\/innovation\/"},{"@type":"ListItem","position":2,"name":"Innovation","item":"https:\/\/conpleks.com\/innovation\/innovation\/"},{"@type":"ListItem","position":3,"name":"Prototyper"}]},{"@type":"WebSite","@id":"https:\/\/conpleks.com\/innovation\/?lang=en\/#website","url":"https:\/\/conpleks.com\/innovation\/?lang=en\/","name":"Innovation","description":"Outdoor Mobile Robots","potentialAction":[{"@type":"SearchAction","target":{"@type":"EntryPoint","urlTemplate":"https:\/\/conpleks.com\/innovation\/?lang=en\/?s={search_term_string}"},"query-input":"required name=search_term_string"}],"inLanguage":"da-DK"}]}},"_links":{"self":[{"href":"https:\/\/conpleks.com\/innovation\/wp-json\/wp\/v2\/pages\/1081"}],"collection":[{"href":"https:\/\/conpleks.com\/innovation\/wp-json\/wp\/v2\/pages"}],"about":[{"href":"https:\/\/conpleks.com\/innovation\/wp-json\/wp\/v2\/types\/page"}],"author":[{"embeddable":true,"href":"https:\/\/conpleks.com\/innovation\/wp-json\/wp\/v2\/users\/4"}],"replies":[{"embeddable":true,"href":"https:\/\/conpleks.com\/innovation\/wp-json\/wp\/v2\/comments?post=1081"}],"version-history":[{"count":11,"href":"https:\/\/conpleks.com\/innovation\/wp-json\/wp\/v2\/pages\/1081\/revisions"}],"predecessor-version":[{"id":1735,"href":"https:\/\/conpleks.com\/innovation\/wp-json\/wp\/v2\/pages\/1081\/revisions\/1735"}],"up":[{"embeddable":true,"href":"https:\/\/conpleks.com\/innovation\/wp-json\/wp\/v2\/pages\/30"}],"wp:attachment":[{"href":"https:\/\/conpleks.com\/innovation\/wp-json\/wp\/v2\/media?parent=1081"}],"curies":[{"name":"wp","href":"https:\/\/api.w.org\/{rel}","templated":true}]}}