{"id":12,"date":"2016-08-17T07:18:52","date_gmt":"2016-08-17T07:18:52","guid":{"rendered":"https:\/\/conpleks.com\/innovation\/?page_id=12"},"modified":"2020-08-19T13:24:46","modified_gmt":"2020-08-19T13:24:46","slug":"om-os","status":"publish","type":"page","link":"https:\/\/conpleks.com\/innovation\/om-os\/","title":{"rendered":"Om Conpleks Innovation"},"content":{"rendered":"<div class=\"entry_content clear\">\n<p>Conpleks Innovation er en R&amp;D-konsulentvirksomhed med en r\u00e6kke specialkompetencer inden for software, hardware og mekanisk design. Vi udvikler kundetilpasset, embedded <a href=\"https:\/\/conpleks.com\/innovation\/innovation\/software\/\" target=\"_blank\" rel=\"noopener noreferrer\">software<\/a> til blandt andet udend\u00f8rs, mobile robotter og controllerl\u00f8sninger til avancerede automationsopgaver, ligesom vi designer solide og kosteffektive <a href=\"https:\/\/conpleks.com\/innovation\/innovation\/hardware\/\" target=\"_blank\" rel=\"noopener noreferrer\">hardware<\/a>&#8211; og <a href=\"https:\/\/conpleks.com\/innovation\/innovation\/mekanik\/\" target=\"_blank\" rel=\"noopener noreferrer\">mekanikl\u00f8sninger<\/a> af h\u00f8j kvalitet. Derudover r\u00e5dgiver vi blandt andet om valg af <a href=\"https:\/\/conpleks.com\/innovation\/innovation\/testudstyr\/\" target=\"_blank\" rel=\"noopener noreferrer\">milj\u00f8tests<\/a> og overholdelse af internationale standarder til digital elektronik.<\/p>\n<p>At inddrage Conpleks som sparringspartner svarer til at have sin egen udviklingsafdeling, idet vi altid er klar og hurtigt p\u00e5 omgangsh\u00f8jde, n\u00e5r der er behov for det. Vores \u00e5relange erfaring med projekth\u00e5ndtering g\u00f8r, at vi b\u00e5de kan h\u00e5ndtere hele udviklingsprocessen fra id\u00e9 til f\u00e6rdigt produkt og kan bidrage til enkelte problemstillinger undervejs.<\/p>\n<p>Uanset hvordan og hvorn\u00e5r vi inddrages, st\u00e5r vi for en engageret, kompetent og m\u00e5lrettet <a href=\"https:\/\/conpleks.com\/innovation\/innovation\/projektmodel\/\" target=\"_blank\" rel=\"noopener noreferrer\">udviklingsproces<\/a>.<\/p>\n<p>&nbsp;<\/p>\n<p>&nbsp;<\/p>\n<p><img loading=\"lazy\" decoding=\"async\" class=\"alignnone wp-image-1091\" src=\"https:\/\/conpleks.com\/innovation\/wp-content\/uploads\/sites\/3\/2020\/08\/Conpleks_324128621-1024x683.jpg\" alt=\"Conpleks arbejder som din in-house udviklingsafdeling\" width=\"865\" height=\"577\" srcset=\"https:\/\/conpleks.com\/innovation\/wp-content\/uploads\/sites\/3\/2020\/08\/Conpleks_324128621-1024x683.jpg 1024w, https:\/\/conpleks.com\/innovation\/wp-content\/uploads\/sites\/3\/2020\/08\/Conpleks_324128621-300x200.jpg 300w, https:\/\/conpleks.com\/innovation\/wp-content\/uploads\/sites\/3\/2020\/08\/Conpleks_324128621-768x512.jpg 768w, https:\/\/conpleks.com\/innovation\/wp-content\/uploads\/sites\/3\/2020\/08\/Conpleks_324128621-1536x1024.jpg 1536w, https:\/\/conpleks.com\/innovation\/wp-content\/uploads\/sites\/3\/2020\/08\/Conpleks_324128621-2048x1365.jpg 2048w, https:\/\/conpleks.com\/innovation\/wp-content\/uploads\/sites\/3\/2020\/08\/Conpleks_324128621-700x467.jpg 700w, https:\/\/conpleks.com\/innovation\/wp-content\/uploads\/sites\/3\/2020\/08\/Conpleks_324128621-480x320.jpg 480w\" sizes=\"(max-width: 865px) 100vw, 865px\" \/><\/div>\n","protected":false},"excerpt":{"rendered":"<p>Conpleks Innovation er en R&amp;D-konsulentvirksomhed med en r\u00e6kke specialkompetencer inden for software, hardware og mekanisk design. Vi udvikler kundetilpasset, embedded software til blandt andet udend\u00f8rs, mobile robotter og controllerl\u00f8sninger til avancerede automationsopgaver, ligesom vi designer solide og kosteffektive hardware&#8211; og mekanikl\u00f8sninger af h\u00f8j kvalitet. Derudover r\u00e5dgiver vi blandt andet om valg af milj\u00f8tests og overholdelse [&hellip;]<\/p>\n","protected":false},"author":1,"featured_media":0,"parent":0,"menu_order":0,"comment_status":"closed","ping_status":"closed","template":"","meta":{"footnotes":""},"class_list":["post-12","page","type-page","status-publish","hentry"],"yoast_head":"<!-- This site is optimized with the Yoast SEO plugin v23.2 - https:\/\/yoast.com\/wordpress\/plugins\/seo\/ -->\n<title>Om Conpleks Innovation - Innovation<\/title>\n<meta name=\"robots\" content=\"index, follow, max-snippet:-1, max-image-preview:large, max-video-preview:-1\" \/>\n<link rel=\"canonical\" href=\"https:\/\/conpleks.com\/innovation\/om-os\/\" \/>\n<meta property=\"og:locale\" content=\"da_DK\" \/>\n<meta property=\"og:type\" content=\"article\" \/>\n<meta property=\"og:title\" content=\"Om Conpleks Innovation - Innovation\" \/>\n<meta property=\"og:description\" content=\"Conpleks Innovation er en R&amp;D-konsulentvirksomhed med en r\u00e6kke specialkompetencer inden for software, hardware og mekanisk design. Vi udvikler kundetilpasset, embedded software til blandt andet udend\u00f8rs, mobile robotter og controllerl\u00f8sninger til avancerede automationsopgaver, ligesom vi designer solide og kosteffektive hardware&#8211; og mekanikl\u00f8sninger af h\u00f8j kvalitet. Derudover r\u00e5dgiver vi blandt andet om valg af milj\u00f8tests og overholdelse [&hellip;]\" \/>\n<meta property=\"og:url\" content=\"https:\/\/conpleks.com\/innovation\/om-os\/\" \/>\n<meta property=\"og:site_name\" content=\"Innovation\" \/>\n<meta property=\"article:modified_time\" content=\"2020-08-19T13:24:46+00:00\" \/>\n<meta property=\"og:image\" content=\"https:\/\/conpleks.com\/innovation\/wp-content\/uploads\/sites\/3\/2020\/08\/Conpleks_324128621-1024x683.jpg\" \/>\n<meta name=\"twitter:card\" content=\"summary_large_image\" \/>\n<meta name=\"twitter:label1\" content=\"Est. reading time\" \/>\n\t<meta name=\"twitter:data1\" content=\"1 minut\" \/>\n<script type=\"application\/ld+json\" class=\"yoast-schema-graph\">{\"@context\":\"https:\/\/schema.org\",\"@graph\":[{\"@type\":\"WebPage\",\"@id\":\"https:\/\/conpleks.com\/innovation\/om-os\/\",\"url\":\"https:\/\/conpleks.com\/innovation\/om-os\/\",\"name\":\"Om Conpleks Innovation - Innovation\",\"isPartOf\":{\"@id\":\"https:\/\/conpleks.com\/innovation\/?lang=en\/#website\"},\"primaryImageOfPage\":{\"@id\":\"https:\/\/conpleks.com\/innovation\/om-os\/#primaryimage\"},\"image\":{\"@id\":\"https:\/\/conpleks.com\/innovation\/om-os\/#primaryimage\"},\"thumbnailUrl\":\"https:\/\/conpleks.com\/innovation\/wp-content\/uploads\/sites\/3\/2020\/08\/Conpleks_324128621-1024x683.jpg\",\"datePublished\":\"2016-08-17T07:18:52+00:00\",\"dateModified\":\"2020-08-19T13:24:46+00:00\",\"breadcrumb\":{\"@id\":\"https:\/\/conpleks.com\/innovation\/om-os\/#breadcrumb\"},\"inLanguage\":\"da-DK\",\"potentialAction\":[{\"@type\":\"ReadAction\",\"target\":[\"https:\/\/conpleks.com\/innovation\/om-os\/\"]}]},{\"@type\":\"ImageObject\",\"inLanguage\":\"da-DK\",\"@id\":\"https:\/\/conpleks.com\/innovation\/om-os\/#primaryimage\",\"url\":\"https:\/\/conpleks.com\/innovation\/wp-content\/uploads\/sites\/3\/2020\/08\/Conpleks_324128621-scaled.jpg\",\"contentUrl\":\"https:\/\/conpleks.com\/innovation\/wp-content\/uploads\/sites\/3\/2020\/08\/Conpleks_324128621-scaled.jpg\",\"width\":2560,\"height\":1707,\"caption\":\"Conpleks arbejder som din in-house udviklingsafdeling\"},{\"@type\":\"BreadcrumbList\",\"@id\":\"https:\/\/conpleks.com\/innovation\/om-os\/#breadcrumb\",\"itemListElement\":[{\"@type\":\"ListItem\",\"position\":1,\"name\":\"Home\",\"item\":\"https:\/\/conpleks.com\/innovation\/\"},{\"@type\":\"ListItem\",\"position\":2,\"name\":\"Om Conpleks Innovation\"}]},{\"@type\":\"WebSite\",\"@id\":\"https:\/\/conpleks.com\/innovation\/?lang=en\/#website\",\"url\":\"https:\/\/conpleks.com\/innovation\/?lang=en\/\",\"name\":\"Innovation\",\"description\":\"Outdoor Mobile Robots\",\"potentialAction\":[{\"@type\":\"SearchAction\",\"target\":{\"@type\":\"EntryPoint\",\"urlTemplate\":\"https:\/\/conpleks.com\/innovation\/?lang=en\/?s={search_term_string}\"},\"query-input\":\"required name=search_term_string\"}],\"inLanguage\":\"da-DK\"}]}<\/script>\n<!-- \/ Yoast SEO plugin. -->","yoast_head_json":{"title":"Om Conpleks Innovation - Innovation","robots":{"index":"index","follow":"follow","max-snippet":"max-snippet:-1","max-image-preview":"max-image-preview:large","max-video-preview":"max-video-preview:-1"},"canonical":"https:\/\/conpleks.com\/innovation\/om-os\/","og_locale":"da_DK","og_type":"article","og_title":"Om Conpleks Innovation - Innovation","og_description":"Conpleks Innovation er en R&amp;D-konsulentvirksomhed med en r\u00e6kke specialkompetencer inden for software, hardware og mekanisk design. Vi udvikler kundetilpasset, embedded software til blandt andet udend\u00f8rs, mobile robotter og controllerl\u00f8sninger til avancerede automationsopgaver, ligesom vi designer solide og kosteffektive hardware&#8211; og mekanikl\u00f8sninger af h\u00f8j kvalitet. Derudover r\u00e5dgiver vi blandt andet om valg af milj\u00f8tests og overholdelse [&hellip;]","og_url":"https:\/\/conpleks.com\/innovation\/om-os\/","og_site_name":"Innovation","article_modified_time":"2020-08-19T13:24:46+00:00","og_image":[{"url":"https:\/\/conpleks.com\/innovation\/wp-content\/uploads\/sites\/3\/2020\/08\/Conpleks_324128621-1024x683.jpg"}],"twitter_card":"summary_large_image","twitter_misc":{"Est. reading time":"1 minut"},"schema":{"@context":"https:\/\/schema.org","@graph":[{"@type":"WebPage","@id":"https:\/\/conpleks.com\/innovation\/om-os\/","url":"https:\/\/conpleks.com\/innovation\/om-os\/","name":"Om Conpleks Innovation - Innovation","isPartOf":{"@id":"https:\/\/conpleks.com\/innovation\/?lang=en\/#website"},"primaryImageOfPage":{"@id":"https:\/\/conpleks.com\/innovation\/om-os\/#primaryimage"},"image":{"@id":"https:\/\/conpleks.com\/innovation\/om-os\/#primaryimage"},"thumbnailUrl":"https:\/\/conpleks.com\/innovation\/wp-content\/uploads\/sites\/3\/2020\/08\/Conpleks_324128621-1024x683.jpg","datePublished":"2016-08-17T07:18:52+00:00","dateModified":"2020-08-19T13:24:46+00:00","breadcrumb":{"@id":"https:\/\/conpleks.com\/innovation\/om-os\/#breadcrumb"},"inLanguage":"da-DK","potentialAction":[{"@type":"ReadAction","target":["https:\/\/conpleks.com\/innovation\/om-os\/"]}]},{"@type":"ImageObject","inLanguage":"da-DK","@id":"https:\/\/conpleks.com\/innovation\/om-os\/#primaryimage","url":"https:\/\/conpleks.com\/innovation\/wp-content\/uploads\/sites\/3\/2020\/08\/Conpleks_324128621-scaled.jpg","contentUrl":"https:\/\/conpleks.com\/innovation\/wp-content\/uploads\/sites\/3\/2020\/08\/Conpleks_324128621-scaled.jpg","width":2560,"height":1707,"caption":"Conpleks arbejder som din in-house udviklingsafdeling"},{"@type":"BreadcrumbList","@id":"https:\/\/conpleks.com\/innovation\/om-os\/#breadcrumb","itemListElement":[{"@type":"ListItem","position":1,"name":"Home","item":"https:\/\/conpleks.com\/innovation\/"},{"@type":"ListItem","position":2,"name":"Om Conpleks Innovation"}]},{"@type":"WebSite","@id":"https:\/\/conpleks.com\/innovation\/?lang=en\/#website","url":"https:\/\/conpleks.com\/innovation\/?lang=en\/","name":"Innovation","description":"Outdoor Mobile Robots","potentialAction":[{"@type":"SearchAction","target":{"@type":"EntryPoint","urlTemplate":"https:\/\/conpleks.com\/innovation\/?lang=en\/?s={search_term_string}"},"query-input":"required name=search_term_string"}],"inLanguage":"da-DK"}]}},"_links":{"self":[{"href":"https:\/\/conpleks.com\/innovation\/wp-json\/wp\/v2\/pages\/12"}],"collection":[{"href":"https:\/\/conpleks.com\/innovation\/wp-json\/wp\/v2\/pages"}],"about":[{"href":"https:\/\/conpleks.com\/innovation\/wp-json\/wp\/v2\/types\/page"}],"author":[{"embeddable":true,"href":"https:\/\/conpleks.com\/innovation\/wp-json\/wp\/v2\/users\/1"}],"replies":[{"embeddable":true,"href":"https:\/\/conpleks.com\/innovation\/wp-json\/wp\/v2\/comments?post=12"}],"version-history":[{"count":9,"href":"https:\/\/conpleks.com\/innovation\/wp-json\/wp\/v2\/pages\/12\/revisions"}],"predecessor-version":[{"id":1217,"href":"https:\/\/conpleks.com\/innovation\/wp-json\/wp\/v2\/pages\/12\/revisions\/1217"}],"wp:attachment":[{"href":"https:\/\/conpleks.com\/innovation\/wp-json\/wp\/v2\/media?parent=12"}],"curies":[{"name":"wp","href":"https:\/\/api.w.org\/{rel}","templated":true}]}}