{"id":19,"date":"2016-08-17T07:19:54","date_gmt":"2016-08-17T07:19:54","guid":{"rendered":"https:\/\/conpleks.com\/innovation\/?page_id=19"},"modified":"2024-09-18T09:20:48","modified_gmt":"2024-09-18T09:20:48","slug":"velkommen","status":"publish","type":"page","link":"https:\/\/conpleks.com\/innovation\/","title":{"rendered":"Velkommen"},"content":{"rendered":"<div class=\"entry_content clear\">\n<p>Som erfaren udviklingsvirksomhed ved vi, hvor vigtigt det er at komme b\u00e5de godt fra start og sikkert i m\u00e5l med en udviklingsopgave. Vores \u00f8nske er derfor at bidrage med viden og kompetencer til forskellige udviklingsprocesser, s\u00e5 de kan gennemf\u00f8res hensigtsm\u00e6ssigt og professionelt.<\/p>\n<p>Vores r\u00e5dgivning indenfor software, hardware og mekanik kan l\u00f8fte enhver udviklingsproces, idet vi har den n\u00f8dvendige erfaring med at udvikle innovative og avancerede l\u00f8sninger. Vi er yderst professionelle og mestrer fleksible og agile processer, hvor vores forskellige designkompetencer kommer i spil p\u00e5 en engageret og m\u00e5lrettet m\u00e5de.<\/p>\n<p>Det s\u00e6rlige ved Conpleks er, at vi b\u00e5de kan gennemf\u00f8re et udviklingsforl\u00f8b fra id\u00e9 til f\u00e6rdigt produkt, og at vi kan g\u00e5 ind og h\u00e5ndtere enkelte dele. Det vil sige, vi kan bidrage p\u00e5 ethvert stadie af en udviklingsproces. Derudover laver vi prototyper, som kan varieres efter behov. Det vil sige fra indledende id\u00e9tests med kosteffektive proof of concepts og mockups til produkttro prototyper.<\/p>\n<p>&nbsp;<\/p>\n<p><a href=\"https:\/\/e-magasiner.com\/conpleks\/robotter_og_digitalisering\/mobile\/index.html\" target=\"_blank\" rel=\"noopener\"><img loading=\"lazy\" decoding=\"async\" class=\"alignleft wp-image-1775 size-full\" src=\"https:\/\/conpleks.com\/innovation\/wp-content\/uploads\/sites\/3\/2024\/09\/Robotter-og-digitalisering.png\" alt=\"\" width=\"436\" height=\"331\" srcset=\"https:\/\/conpleks.com\/innovation\/wp-content\/uploads\/sites\/3\/2024\/09\/Robotter-og-digitalisering.png 436w, https:\/\/conpleks.com\/innovation\/wp-content\/uploads\/sites\/3\/2024\/09\/Robotter-og-digitalisering-300x228.png 300w\" sizes=\"(max-width: 436px) 100vw, 436px\" \/><\/a><\/p>\n<h3>Kundehistorier<\/h3>\n<p>&nbsp;<\/p>\n<p>Hos Conpleks har vi haft privilegiet at samarbejde med en bred vifte af etablerede virksomheder, startups og forskere. Vi fungerer som en forl\u00e6ngelse af dit udviklingsteam og er altid klar til hurtigt at integrere os, n\u00e5r der er behov for det. Med vores omfattende erfaring inden for projektledelse kan vi problemfrit lede et projekt fra den indledende id\u00e9 til det f\u00e6rdige produkt eller tage os af specifikke udfordringer undervejs. <a href=\"https:\/\/e-magasiner.com\/conpleks\/robotter_og_digitalisering\/mobile\/index.html\" target=\"_blank\" rel=\"noopener\">L\u00e6s mere om vores samarbejdssucceser her.<\/a><\/p>\n<p>&nbsp;<\/p>\n<p>&nbsp;<\/p>\n<p>&nbsp;<\/p>\n<p><img loading=\"lazy\" decoding=\"async\" class=\"alignnone wp-image-861\" src=\"https:\/\/conpleks.com\/innovation\/wp-content\/uploads\/sites\/3\/2019\/05\/Conpleks-Pictures-January-2011-031-final_mindre.jpg\" alt=\"\" width=\"939\" height=\"705\" srcset=\"https:\/\/conpleks.com\/innovation\/wp-content\/uploads\/sites\/3\/2019\/05\/Conpleks-Pictures-January-2011-031-final_mindre.jpg 4032w, https:\/\/conpleks.com\/innovation\/wp-content\/uploads\/sites\/3\/2019\/05\/Conpleks-Pictures-January-2011-031-final_mindre-300x225.jpg 300w, https:\/\/conpleks.com\/innovation\/wp-content\/uploads\/sites\/3\/2019\/05\/Conpleks-Pictures-January-2011-031-final_mindre-768x576.jpg 768w, https:\/\/conpleks.com\/innovation\/wp-content\/uploads\/sites\/3\/2019\/05\/Conpleks-Pictures-January-2011-031-final_mindre-1024x768.jpg 1024w, https:\/\/conpleks.com\/innovation\/wp-content\/uploads\/sites\/3\/2019\/05\/Conpleks-Pictures-January-2011-031-final_mindre-700x525.jpg 700w\" sizes=\"(max-width: 939px) 100vw, 939px\" \/><\/div>\n","protected":false},"excerpt":{"rendered":"<p>Som erfaren udviklingsvirksomhed ved vi, hvor vigtigt det er at komme b\u00e5de godt fra start og sikkert i m\u00e5l med en udviklingsopgave. Vores \u00f8nske er derfor at bidrage med viden og kompetencer til forskellige udviklingsprocesser, s\u00e5 de kan gennemf\u00f8res hensigtsm\u00e6ssigt og professionelt. Vores r\u00e5dgivning indenfor software, hardware og mekanik kan l\u00f8fte enhver udviklingsproces, idet vi [&hellip;]<\/p>\n","protected":false},"author":1,"featured_media":0,"parent":0,"menu_order":0,"comment_status":"closed","ping_status":"closed","template":"","meta":{"footnotes":""},"class_list":["post-19","page","type-page","status-publish","hentry"],"yoast_head":"<!-- This site is optimized with the Yoast SEO plugin v23.2 - https:\/\/yoast.com\/wordpress\/plugins\/seo\/ -->\n<title>Velkommen - Innovation<\/title>\n<meta name=\"robots\" content=\"index, follow, max-snippet:-1, max-image-preview:large, max-video-preview:-1\" \/>\n<link rel=\"canonical\" href=\"https:\/\/conpleks.com\/innovation\/\" \/>\n<meta property=\"og:locale\" content=\"da_DK\" \/>\n<meta property=\"og:type\" content=\"article\" \/>\n<meta property=\"og:title\" content=\"Velkommen - Innovation\" \/>\n<meta property=\"og:description\" content=\"Som erfaren udviklingsvirksomhed ved vi, hvor vigtigt det er at komme b\u00e5de godt fra start og sikkert i m\u00e5l med en udviklingsopgave. Vores \u00f8nske er derfor at bidrage med viden og kompetencer til forskellige udviklingsprocesser, s\u00e5 de kan gennemf\u00f8res hensigtsm\u00e6ssigt og professionelt. Vores r\u00e5dgivning indenfor software, hardware og mekanik kan l\u00f8fte enhver udviklingsproces, idet vi [&hellip;]\" \/>\n<meta property=\"og:url\" content=\"https:\/\/conpleks.com\/innovation\/\" \/>\n<meta property=\"og:site_name\" content=\"Innovation\" \/>\n<meta property=\"article:modified_time\" content=\"2024-09-18T09:20:48+00:00\" \/>\n<meta property=\"og:image\" content=\"https:\/\/conpleks.com\/innovation\/wp-content\/uploads\/sites\/3\/2024\/09\/Robotter-og-digitalisering.png\" \/>\n<meta name=\"twitter:card\" content=\"summary_large_image\" \/>\n<meta name=\"twitter:label1\" content=\"Est. reading time\" \/>\n\t<meta name=\"twitter:data1\" content=\"2 minutter\" \/>\n<script type=\"application\/ld+json\" class=\"yoast-schema-graph\">{\"@context\":\"https:\/\/schema.org\",\"@graph\":[{\"@type\":\"WebPage\",\"@id\":\"https:\/\/conpleks.com\/innovation\/\",\"url\":\"https:\/\/conpleks.com\/innovation\/\",\"name\":\"Velkommen - Innovation\",\"isPartOf\":{\"@id\":\"https:\/\/conpleks.com\/innovation\/?lang=en\/#website\"},\"primaryImageOfPage\":{\"@id\":\"https:\/\/conpleks.com\/innovation\/#primaryimage\"},\"image\":{\"@id\":\"https:\/\/conpleks.com\/innovation\/#primaryimage\"},\"thumbnailUrl\":\"https:\/\/conpleks.com\/innovation\/wp-content\/uploads\/sites\/3\/2024\/09\/Robotter-og-digitalisering.png\",\"datePublished\":\"2016-08-17T07:19:54+00:00\",\"dateModified\":\"2024-09-18T09:20:48+00:00\",\"breadcrumb\":{\"@id\":\"https:\/\/conpleks.com\/innovation\/#breadcrumb\"},\"inLanguage\":\"da-DK\",\"potentialAction\":[{\"@type\":\"ReadAction\",\"target\":[\"https:\/\/conpleks.com\/innovation\/\"]}]},{\"@type\":\"ImageObject\",\"inLanguage\":\"da-DK\",\"@id\":\"https:\/\/conpleks.com\/innovation\/#primaryimage\",\"url\":\"https:\/\/conpleks.com\/innovation\/wp-content\/uploads\/sites\/3\/2024\/09\/Robotter-og-digitalisering.png\",\"contentUrl\":\"https:\/\/conpleks.com\/innovation\/wp-content\/uploads\/sites\/3\/2024\/09\/Robotter-og-digitalisering.png\",\"width\":436,\"height\":331},{\"@type\":\"BreadcrumbList\",\"@id\":\"https:\/\/conpleks.com\/innovation\/#breadcrumb\",\"itemListElement\":[{\"@type\":\"ListItem\",\"position\":1,\"name\":\"Home\",\"item\":\"https:\/\/conpleks.com\/innovation\/\"},{\"@type\":\"ListItem\",\"position\":2,\"name\":\"Velkommen\"}]},{\"@type\":\"WebSite\",\"@id\":\"https:\/\/conpleks.com\/innovation\/?lang=en\/#website\",\"url\":\"https:\/\/conpleks.com\/innovation\/?lang=en\/\",\"name\":\"Innovation\",\"description\":\"Outdoor Mobile Robots\",\"potentialAction\":[{\"@type\":\"SearchAction\",\"target\":{\"@type\":\"EntryPoint\",\"urlTemplate\":\"https:\/\/conpleks.com\/innovation\/?lang=en\/?s={search_term_string}\"},\"query-input\":\"required name=search_term_string\"}],\"inLanguage\":\"da-DK\"}]}<\/script>\n<!-- \/ Yoast SEO plugin. -->","yoast_head_json":{"title":"Velkommen - Innovation","robots":{"index":"index","follow":"follow","max-snippet":"max-snippet:-1","max-image-preview":"max-image-preview:large","max-video-preview":"max-video-preview:-1"},"canonical":"https:\/\/conpleks.com\/innovation\/","og_locale":"da_DK","og_type":"article","og_title":"Velkommen - Innovation","og_description":"Som erfaren udviklingsvirksomhed ved vi, hvor vigtigt det er at komme b\u00e5de godt fra start og sikkert i m\u00e5l med en udviklingsopgave. Vores \u00f8nske er derfor at bidrage med viden og kompetencer til forskellige udviklingsprocesser, s\u00e5 de kan gennemf\u00f8res hensigtsm\u00e6ssigt og professionelt. Vores r\u00e5dgivning indenfor software, hardware og mekanik kan l\u00f8fte enhver udviklingsproces, idet vi [&hellip;]","og_url":"https:\/\/conpleks.com\/innovation\/","og_site_name":"Innovation","article_modified_time":"2024-09-18T09:20:48+00:00","og_image":[{"url":"https:\/\/conpleks.com\/innovation\/wp-content\/uploads\/sites\/3\/2024\/09\/Robotter-og-digitalisering.png"}],"twitter_card":"summary_large_image","twitter_misc":{"Est. reading time":"2 minutter"},"schema":{"@context":"https:\/\/schema.org","@graph":[{"@type":"WebPage","@id":"https:\/\/conpleks.com\/innovation\/","url":"https:\/\/conpleks.com\/innovation\/","name":"Velkommen - Innovation","isPartOf":{"@id":"https:\/\/conpleks.com\/innovation\/?lang=en\/#website"},"primaryImageOfPage":{"@id":"https:\/\/conpleks.com\/innovation\/#primaryimage"},"image":{"@id":"https:\/\/conpleks.com\/innovation\/#primaryimage"},"thumbnailUrl":"https:\/\/conpleks.com\/innovation\/wp-content\/uploads\/sites\/3\/2024\/09\/Robotter-og-digitalisering.png","datePublished":"2016-08-17T07:19:54+00:00","dateModified":"2024-09-18T09:20:48+00:00","breadcrumb":{"@id":"https:\/\/conpleks.com\/innovation\/#breadcrumb"},"inLanguage":"da-DK","potentialAction":[{"@type":"ReadAction","target":["https:\/\/conpleks.com\/innovation\/"]}]},{"@type":"ImageObject","inLanguage":"da-DK","@id":"https:\/\/conpleks.com\/innovation\/#primaryimage","url":"https:\/\/conpleks.com\/innovation\/wp-content\/uploads\/sites\/3\/2024\/09\/Robotter-og-digitalisering.png","contentUrl":"https:\/\/conpleks.com\/innovation\/wp-content\/uploads\/sites\/3\/2024\/09\/Robotter-og-digitalisering.png","width":436,"height":331},{"@type":"BreadcrumbList","@id":"https:\/\/conpleks.com\/innovation\/#breadcrumb","itemListElement":[{"@type":"ListItem","position":1,"name":"Home","item":"https:\/\/conpleks.com\/innovation\/"},{"@type":"ListItem","position":2,"name":"Velkommen"}]},{"@type":"WebSite","@id":"https:\/\/conpleks.com\/innovation\/?lang=en\/#website","url":"https:\/\/conpleks.com\/innovation\/?lang=en\/","name":"Innovation","description":"Outdoor Mobile Robots","potentialAction":[{"@type":"SearchAction","target":{"@type":"EntryPoint","urlTemplate":"https:\/\/conpleks.com\/innovation\/?lang=en\/?s={search_term_string}"},"query-input":"required name=search_term_string"}],"inLanguage":"da-DK"}]}},"_links":{"self":[{"href":"https:\/\/conpleks.com\/innovation\/wp-json\/wp\/v2\/pages\/19"}],"collection":[{"href":"https:\/\/conpleks.com\/innovation\/wp-json\/wp\/v2\/pages"}],"about":[{"href":"https:\/\/conpleks.com\/innovation\/wp-json\/wp\/v2\/types\/page"}],"author":[{"embeddable":true,"href":"https:\/\/conpleks.com\/innovation\/wp-json\/wp\/v2\/users\/1"}],"replies":[{"embeddable":true,"href":"https:\/\/conpleks.com\/innovation\/wp-json\/wp\/v2\/comments?post=19"}],"version-history":[{"count":11,"href":"https:\/\/conpleks.com\/innovation\/wp-json\/wp\/v2\/pages\/19\/revisions"}],"predecessor-version":[{"id":851,"href":"https:\/\/conpleks.com\/innovation\/wp-json\/wp\/v2\/pages\/19\/revisions\/851"}],"wp:attachment":[{"href":"https:\/\/conpleks.com\/innovation\/wp-json\/wp\/v2\/media?parent=19"}],"curies":[{"name":"wp","href":"https:\/\/api.w.org\/{rel}","templated":true}]}}