{"id":205,"date":"2016-09-01T07:39:21","date_gmt":"2016-09-01T07:39:21","guid":{"rendered":"https:\/\/conpleks.com\/robotech\/?page_id=205"},"modified":"2019-07-24T07:27:07","modified_gmt":"2019-07-24T07:27:07","slug":"robotech-software-suite","status":"publish","type":"page","link":"https:\/\/conpleks.com\/robotech\/produkter\/robotech-software-suite\/","title":{"rendered":"Conpleks Robotech Softwareplatform"},"content":{"rendered":"<div class=\"entry_content clear\">\n<p>Conpleks Robotech tilbyder en komplet softwareplatform til avancerede, udend\u00f8rs, mobile robotter og til andre helt eller delvist autonome k\u00f8ret\u00f8jer, der kan udf\u00f8re en r\u00e6kke forskelligartede opgaver. Softwareplatformen best\u00e5r af et s\u00e6t robotfunktioner, der er klargjort til anvendelse i forskellige applikationer, herunder til fjernbetjente gr\u00e6ssl\u00e5maskiner, robotter med sportsrelaterede opgaver samt avancerede landbrugsmaskiner og -v\u00e6rkt\u00f8jer.<\/p>\n<p>Softwaren kan s\u00e5ledes betyde en v\u00e6sentlig v\u00e6rdifor\u00f8gelse for mange typer maskiner, og da anvendelsesmulighederne er utallige, er det stort set kun fantasien, der s\u00e6tter gr\u00e6nser.<\/p>\n<p>Softwareplatformen er designet ud fra en lagdelt platformsarkitektur, som giver mulighed for en enkel og kontrollerbar udviklingsproces med muligheden for at tilf\u00f8je nye features efter behov. Platformstilgangen minimerer behovet for ressourcer til selve grundudviklingen og fastholder samtidig en h\u00f8j softwarekvalitet.<\/p>\n<p><img loading=\"lazy\" decoding=\"async\" class=\"alignnone size-large wp-image-475\" src=\"https:\/\/conpleks.com\/robotech\/wp-content\/uploads\/sites\/2\/2016\/08\/Software_pakke-copy_1060_pixels-1024x498.png\" alt=\"Software_pakke copy_1060_pixels\" width=\"1024\" height=\"498\" srcset=\"https:\/\/conpleks.com\/robotech\/wp-content\/uploads\/sites\/2\/2016\/08\/Software_pakke-copy_1060_pixels-1024x498.png 1024w, https:\/\/conpleks.com\/robotech\/wp-content\/uploads\/sites\/2\/2016\/08\/Software_pakke-copy_1060_pixels-300x146.png 300w, https:\/\/conpleks.com\/robotech\/wp-content\/uploads\/sites\/2\/2016\/08\/Software_pakke-copy_1060_pixels-768x373.png 768w, https:\/\/conpleks.com\/robotech\/wp-content\/uploads\/sites\/2\/2016\/08\/Software_pakke-copy_1060_pixels-700x340.png 700w, https:\/\/conpleks.com\/robotech\/wp-content\/uploads\/sites\/2\/2016\/08\/Software_pakke-copy_1060_pixels.png 1060w\" sizes=\"(max-width: 1024px) 100vw, 1024px\" \/><\/p>\n<p>Softwaren er hovedsageligt programmeret i C++ og k\u00f8rer p\u00e5 et Linux\/Ubuntu-operativsystem. Softwareplatformen giver gode muligheder for integration med avancerede GNNS-positioneringssystemer.<\/p><\/div>\n","protected":false},"excerpt":{"rendered":"<p>Conpleks Robotech tilbyder en komplet softwareplatform til avancerede, udend\u00f8rs, mobile robotter og til andre helt eller delvist autonome k\u00f8ret\u00f8jer, der kan udf\u00f8re en r\u00e6kke forskelligartede opgaver. Softwareplatformen best\u00e5r af et s\u00e6t robotfunktioner, der er klargjort til anvendelse i forskellige applikationer, herunder til fjernbetjente gr\u00e6ssl\u00e5maskiner, robotter med sportsrelaterede opgaver samt avancerede landbrugsmaskiner og -v\u00e6rkt\u00f8jer. Softwaren kan [&hellip;]<\/p>\n","protected":false},"author":1,"featured_media":0,"parent":18,"menu_order":0,"comment_status":"closed","ping_status":"closed","template":"","meta":{"footnotes":""},"class_list":["post-205","page","type-page","status-publish","hentry"],"yoast_head":"<!-- This site is optimized with the Yoast SEO plugin v23.2 - https:\/\/yoast.com\/wordpress\/plugins\/seo\/ -->\n<title>Conpleks Robotech Softwareplatform - Robotech<\/title>\n<meta name=\"robots\" content=\"index, follow, max-snippet:-1, max-image-preview:large, max-video-preview:-1\" \/>\n<link rel=\"canonical\" href=\"https:\/\/conpleks.com\/robotech\/produkter\/robotech-software-suite\/\" \/>\n<meta property=\"og:locale\" content=\"da_DK\" \/>\n<meta property=\"og:type\" content=\"article\" \/>\n<meta property=\"og:title\" content=\"Conpleks Robotech Softwareplatform - Robotech\" \/>\n<meta property=\"og:description\" content=\"Conpleks Robotech tilbyder en komplet softwareplatform til avancerede, udend\u00f8rs, mobile robotter og til andre helt eller delvist autonome k\u00f8ret\u00f8jer, der kan udf\u00f8re en r\u00e6kke forskelligartede opgaver. Softwareplatformen best\u00e5r af et s\u00e6t robotfunktioner, der er klargjort til anvendelse i forskellige applikationer, herunder til fjernbetjente gr\u00e6ssl\u00e5maskiner, robotter med sportsrelaterede opgaver samt avancerede landbrugsmaskiner og -v\u00e6rkt\u00f8jer. Softwaren kan [&hellip;]\" \/>\n<meta property=\"og:url\" content=\"https:\/\/conpleks.com\/robotech\/produkter\/robotech-software-suite\/\" \/>\n<meta property=\"og:site_name\" content=\"Robotech\" \/>\n<meta property=\"article:modified_time\" content=\"2019-07-24T07:27:07+00:00\" \/>\n<meta property=\"og:image\" content=\"https:\/\/conpleks.com\/robotech\/wp-content\/uploads\/sites\/2\/2016\/08\/Software_pakke-copy_1060_pixels-1024x498.png\" \/>\n<meta name=\"twitter:card\" content=\"summary_large_image\" \/>\n<meta name=\"twitter:label1\" content=\"Est. reading time\" \/>\n\t<meta name=\"twitter:data1\" content=\"1 minut\" \/>\n<script type=\"application\/ld+json\" class=\"yoast-schema-graph\">{\"@context\":\"https:\/\/schema.org\",\"@graph\":[{\"@type\":\"WebPage\",\"@id\":\"https:\/\/conpleks.com\/robotech\/produkter\/robotech-software-suite\/\",\"url\":\"https:\/\/conpleks.com\/robotech\/produkter\/robotech-software-suite\/\",\"name\":\"Conpleks Robotech Softwareplatform - Robotech\",\"isPartOf\":{\"@id\":\"https:\/\/conpleks.com\/robotech\/#website\"},\"primaryImageOfPage\":{\"@id\":\"https:\/\/conpleks.com\/robotech\/produkter\/robotech-software-suite\/#primaryimage\"},\"image\":{\"@id\":\"https:\/\/conpleks.com\/robotech\/produkter\/robotech-software-suite\/#primaryimage\"},\"thumbnailUrl\":\"https:\/\/conpleks.com\/robotech\/wp-content\/uploads\/sites\/2\/2016\/08\/Software_pakke-copy_1060_pixels-1024x498.png\",\"datePublished\":\"2016-09-01T07:39:21+00:00\",\"dateModified\":\"2019-07-24T07:27:07+00:00\",\"breadcrumb\":{\"@id\":\"https:\/\/conpleks.com\/robotech\/produkter\/robotech-software-suite\/#breadcrumb\"},\"inLanguage\":\"da-DK\",\"potentialAction\":[{\"@type\":\"ReadAction\",\"target\":[\"https:\/\/conpleks.com\/robotech\/produkter\/robotech-software-suite\/\"]}]},{\"@type\":\"ImageObject\",\"inLanguage\":\"da-DK\",\"@id\":\"https:\/\/conpleks.com\/robotech\/produkter\/robotech-software-suite\/#primaryimage\",\"url\":\"https:\/\/conpleks.com\/robotech\/wp-content\/uploads\/sites\/2\/2016\/08\/Software_pakke-copy_1060_pixels.png\",\"contentUrl\":\"https:\/\/conpleks.com\/robotech\/wp-content\/uploads\/sites\/2\/2016\/08\/Software_pakke-copy_1060_pixels.png\",\"width\":1060,\"height\":515,\"caption\":\"Conpleks Software Suite\"},{\"@type\":\"BreadcrumbList\",\"@id\":\"https:\/\/conpleks.com\/robotech\/produkter\/robotech-software-suite\/#breadcrumb\",\"itemListElement\":[{\"@type\":\"ListItem\",\"position\":1,\"name\":\"Home\",\"item\":\"https:\/\/conpleks.com\/robotech\/\"},{\"@type\":\"ListItem\",\"position\":2,\"name\":\"Produkter\",\"item\":\"https:\/\/conpleks.com\/robotech\/produkter\/\"},{\"@type\":\"ListItem\",\"position\":3,\"name\":\"Conpleks Robotech Softwareplatform\"}]},{\"@type\":\"WebSite\",\"@id\":\"https:\/\/conpleks.com\/robotech\/#website\",\"url\":\"https:\/\/conpleks.com\/robotech\/\",\"name\":\"Robotech\",\"description\":\"Outdoor Mobile Robots\",\"potentialAction\":[{\"@type\":\"SearchAction\",\"target\":{\"@type\":\"EntryPoint\",\"urlTemplate\":\"https:\/\/conpleks.com\/robotech\/?s={search_term_string}\"},\"query-input\":\"required name=search_term_string\"}],\"inLanguage\":\"da-DK\"}]}<\/script>\n<!-- \/ Yoast SEO plugin. -->","yoast_head_json":{"title":"Conpleks Robotech Softwareplatform - Robotech","robots":{"index":"index","follow":"follow","max-snippet":"max-snippet:-1","max-image-preview":"max-image-preview:large","max-video-preview":"max-video-preview:-1"},"canonical":"https:\/\/conpleks.com\/robotech\/produkter\/robotech-software-suite\/","og_locale":"da_DK","og_type":"article","og_title":"Conpleks Robotech Softwareplatform - Robotech","og_description":"Conpleks Robotech tilbyder en komplet softwareplatform til avancerede, udend\u00f8rs, mobile robotter og til andre helt eller delvist autonome k\u00f8ret\u00f8jer, der kan udf\u00f8re en r\u00e6kke forskelligartede opgaver. Softwareplatformen best\u00e5r af et s\u00e6t robotfunktioner, der er klargjort til anvendelse i forskellige applikationer, herunder til fjernbetjente gr\u00e6ssl\u00e5maskiner, robotter med sportsrelaterede opgaver samt avancerede landbrugsmaskiner og -v\u00e6rkt\u00f8jer. Softwaren kan [&hellip;]","og_url":"https:\/\/conpleks.com\/robotech\/produkter\/robotech-software-suite\/","og_site_name":"Robotech","article_modified_time":"2019-07-24T07:27:07+00:00","og_image":[{"url":"https:\/\/conpleks.com\/robotech\/wp-content\/uploads\/sites\/2\/2016\/08\/Software_pakke-copy_1060_pixels-1024x498.png"}],"twitter_card":"summary_large_image","twitter_misc":{"Est. reading time":"1 minut"},"schema":{"@context":"https:\/\/schema.org","@graph":[{"@type":"WebPage","@id":"https:\/\/conpleks.com\/robotech\/produkter\/robotech-software-suite\/","url":"https:\/\/conpleks.com\/robotech\/produkter\/robotech-software-suite\/","name":"Conpleks Robotech Softwareplatform - Robotech","isPartOf":{"@id":"https:\/\/conpleks.com\/robotech\/#website"},"primaryImageOfPage":{"@id":"https:\/\/conpleks.com\/robotech\/produkter\/robotech-software-suite\/#primaryimage"},"image":{"@id":"https:\/\/conpleks.com\/robotech\/produkter\/robotech-software-suite\/#primaryimage"},"thumbnailUrl":"https:\/\/conpleks.com\/robotech\/wp-content\/uploads\/sites\/2\/2016\/08\/Software_pakke-copy_1060_pixels-1024x498.png","datePublished":"2016-09-01T07:39:21+00:00","dateModified":"2019-07-24T07:27:07+00:00","breadcrumb":{"@id":"https:\/\/conpleks.com\/robotech\/produkter\/robotech-software-suite\/#breadcrumb"},"inLanguage":"da-DK","potentialAction":[{"@type":"ReadAction","target":["https:\/\/conpleks.com\/robotech\/produkter\/robotech-software-suite\/"]}]},{"@type":"ImageObject","inLanguage":"da-DK","@id":"https:\/\/conpleks.com\/robotech\/produkter\/robotech-software-suite\/#primaryimage","url":"https:\/\/conpleks.com\/robotech\/wp-content\/uploads\/sites\/2\/2016\/08\/Software_pakke-copy_1060_pixels.png","contentUrl":"https:\/\/conpleks.com\/robotech\/wp-content\/uploads\/sites\/2\/2016\/08\/Software_pakke-copy_1060_pixels.png","width":1060,"height":515,"caption":"Conpleks Software Suite"},{"@type":"BreadcrumbList","@id":"https:\/\/conpleks.com\/robotech\/produkter\/robotech-software-suite\/#breadcrumb","itemListElement":[{"@type":"ListItem","position":1,"name":"Home","item":"https:\/\/conpleks.com\/robotech\/"},{"@type":"ListItem","position":2,"name":"Produkter","item":"https:\/\/conpleks.com\/robotech\/produkter\/"},{"@type":"ListItem","position":3,"name":"Conpleks Robotech Softwareplatform"}]},{"@type":"WebSite","@id":"https:\/\/conpleks.com\/robotech\/#website","url":"https:\/\/conpleks.com\/robotech\/","name":"Robotech","description":"Outdoor Mobile Robots","potentialAction":[{"@type":"SearchAction","target":{"@type":"EntryPoint","urlTemplate":"https:\/\/conpleks.com\/robotech\/?s={search_term_string}"},"query-input":"required name=search_term_string"}],"inLanguage":"da-DK"}]}},"_links":{"self":[{"href":"https:\/\/conpleks.com\/robotech\/wp-json\/wp\/v2\/pages\/205"}],"collection":[{"href":"https:\/\/conpleks.com\/robotech\/wp-json\/wp\/v2\/pages"}],"about":[{"href":"https:\/\/conpleks.com\/robotech\/wp-json\/wp\/v2\/types\/page"}],"author":[{"embeddable":true,"href":"https:\/\/conpleks.com\/robotech\/wp-json\/wp\/v2\/users\/1"}],"replies":[{"embeddable":true,"href":"https:\/\/conpleks.com\/robotech\/wp-json\/wp\/v2\/comments?post=205"}],"version-history":[{"count":8,"href":"https:\/\/conpleks.com\/robotech\/wp-json\/wp\/v2\/pages\/205\/revisions"}],"predecessor-version":[{"id":1141,"href":"https:\/\/conpleks.com\/robotech\/wp-json\/wp\/v2\/pages\/205\/revisions\/1141"}],"up":[{"embeddable":true,"href":"https:\/\/conpleks.com\/robotech\/wp-json\/wp\/v2\/pages\/18"}],"wp:attachment":[{"href":"https:\/\/conpleks.com\/robotech\/wp-json\/wp\/v2\/media?parent=205"}],"curies":[{"name":"wp","href":"https:\/\/api.w.org\/{rel}","templated":true}]}}