{"id":594,"date":"2016-09-16T08:50:22","date_gmt":"2016-09-16T08:50:22","guid":{"rendered":"https:\/\/conpleks.com\/robotech\/?page_id=594"},"modified":"2016-09-18T20:54:38","modified_gmt":"2016-09-18T20:54:38","slug":"conpleks-robotech-magasin-regional-udvikling-dialog","status":"publish","type":"page","link":"https:\/\/conpleks.com\/robotech\/conpleks-robotech-magasin-regional-udvikling-dialog\/","title":{"rendered":"Conpleks Robotech i Magasin for Regional Udvikling; Dialog"},"content":{"rendered":"<div class=\"entry_content clear\">\n<p><strong>Robotter styrer i Struer<\/strong><\/p>\n<p>Tekst: Lotte Winkler, foto: Niels \u00c5ge Skovbo<\/p>\n<p>Conpleks i Struer har v\u00e6ret flittig bruger af offentlige puljer, programmer og vejledning, og det har f\u00e5et virksomheden til at ekspandere hurtigt. M\u00e5let er at fordoble medarbejder-tallet til 20 og \u00e5bne en afdeling i Aarhus.<\/p>\n<p>L\u00e6s artiklen fra RegionMidts magasin Dialog, nr. 30 2016, her:\u00a0<a href=\"https:\/\/conpleks.com\/robotech\/wp-content\/uploads\/sites\/2\/2016\/09\/Conpleks-Article.pdf\">Conpleks Article<\/a><\/div>\n","protected":false},"excerpt":{"rendered":"<p>Robotter styrer i Struer Tekst: Lotte Winkler, foto: Niels \u00c5ge Skovbo Conpleks i Struer har v\u00e6ret flittig bruger af offentlige puljer, programmer og vejledning, og det har f\u00e5et virksomheden til at ekspandere hurtigt. M\u00e5let er at fordoble medarbejder-tallet til 20 og \u00e5bne en afdeling i Aarhus. L\u00e6s artiklen fra RegionMidts magasin Dialog, nr. 30 2016, [&hellip;]<\/p>\n","protected":false},"author":2,"featured_media":0,"parent":0,"menu_order":0,"comment_status":"closed","ping_status":"closed","template":"","meta":{"footnotes":""},"class_list":["post-594","page","type-page","status-publish","hentry"],"yoast_head":"<!-- This site is optimized with the Yoast SEO plugin v23.2 - https:\/\/yoast.com\/wordpress\/plugins\/seo\/ -->\n<title>Conpleks Robotech i Magasin for Regional Udvikling; Dialog - Robotech<\/title>\n<meta name=\"robots\" content=\"index, follow, max-snippet:-1, max-image-preview:large, max-video-preview:-1\" \/>\n<link rel=\"canonical\" href=\"https:\/\/conpleks.com\/robotech\/conpleks-robotech-magasin-regional-udvikling-dialog\/\" \/>\n<meta property=\"og:locale\" content=\"da_DK\" \/>\n<meta property=\"og:type\" content=\"article\" \/>\n<meta property=\"og:title\" content=\"Conpleks Robotech i Magasin for Regional Udvikling; Dialog - Robotech\" \/>\n<meta property=\"og:description\" content=\"Robotter styrer i Struer Tekst: Lotte Winkler, foto: Niels \u00c5ge Skovbo Conpleks i Struer har v\u00e6ret flittig bruger af offentlige puljer, programmer og vejledning, og det har f\u00e5et virksomheden til at ekspandere hurtigt. M\u00e5let er at fordoble medarbejder-tallet til 20 og \u00e5bne en afdeling i Aarhus. L\u00e6s artiklen fra RegionMidts magasin Dialog, nr. 30 2016, [&hellip;]\" \/>\n<meta property=\"og:url\" content=\"https:\/\/conpleks.com\/robotech\/conpleks-robotech-magasin-regional-udvikling-dialog\/\" \/>\n<meta property=\"og:site_name\" content=\"Robotech\" \/>\n<meta property=\"article:modified_time\" content=\"2016-09-18T20:54:38+00:00\" \/>\n<meta name=\"twitter:card\" content=\"summary_large_image\" \/>\n<script type=\"application\/ld+json\" class=\"yoast-schema-graph\">{\"@context\":\"https:\/\/schema.org\",\"@graph\":[{\"@type\":\"WebPage\",\"@id\":\"https:\/\/conpleks.com\/robotech\/conpleks-robotech-magasin-regional-udvikling-dialog\/\",\"url\":\"https:\/\/conpleks.com\/robotech\/conpleks-robotech-magasin-regional-udvikling-dialog\/\",\"name\":\"Conpleks Robotech i Magasin for Regional Udvikling; Dialog - Robotech\",\"isPartOf\":{\"@id\":\"https:\/\/conpleks.com\/robotech\/#website\"},\"datePublished\":\"2016-09-16T08:50:22+00:00\",\"dateModified\":\"2016-09-18T20:54:38+00:00\",\"breadcrumb\":{\"@id\":\"https:\/\/conpleks.com\/robotech\/conpleks-robotech-magasin-regional-udvikling-dialog\/#breadcrumb\"},\"inLanguage\":\"da-DK\",\"potentialAction\":[{\"@type\":\"ReadAction\",\"target\":[\"https:\/\/conpleks.com\/robotech\/conpleks-robotech-magasin-regional-udvikling-dialog\/\"]}]},{\"@type\":\"BreadcrumbList\",\"@id\":\"https:\/\/conpleks.com\/robotech\/conpleks-robotech-magasin-regional-udvikling-dialog\/#breadcrumb\",\"itemListElement\":[{\"@type\":\"ListItem\",\"position\":1,\"name\":\"Home\",\"item\":\"https:\/\/conpleks.com\/robotech\/\"},{\"@type\":\"ListItem\",\"position\":2,\"name\":\"Conpleks Robotech i Magasin for Regional Udvikling; Dialog\"}]},{\"@type\":\"WebSite\",\"@id\":\"https:\/\/conpleks.com\/robotech\/#website\",\"url\":\"https:\/\/conpleks.com\/robotech\/\",\"name\":\"Robotech\",\"description\":\"Outdoor Mobile Robots\",\"potentialAction\":[{\"@type\":\"SearchAction\",\"target\":{\"@type\":\"EntryPoint\",\"urlTemplate\":\"https:\/\/conpleks.com\/robotech\/?s={search_term_string}\"},\"query-input\":\"required name=search_term_string\"}],\"inLanguage\":\"da-DK\"}]}<\/script>\n<!-- \/ Yoast SEO plugin. -->","yoast_head_json":{"title":"Conpleks Robotech i Magasin for Regional Udvikling; Dialog - Robotech","robots":{"index":"index","follow":"follow","max-snippet":"max-snippet:-1","max-image-preview":"max-image-preview:large","max-video-preview":"max-video-preview:-1"},"canonical":"https:\/\/conpleks.com\/robotech\/conpleks-robotech-magasin-regional-udvikling-dialog\/","og_locale":"da_DK","og_type":"article","og_title":"Conpleks Robotech i Magasin for Regional Udvikling; Dialog - Robotech","og_description":"Robotter styrer i Struer Tekst: Lotte Winkler, foto: Niels \u00c5ge Skovbo Conpleks i Struer har v\u00e6ret flittig bruger af offentlige puljer, programmer og vejledning, og det har f\u00e5et virksomheden til at ekspandere hurtigt. M\u00e5let er at fordoble medarbejder-tallet til 20 og \u00e5bne en afdeling i Aarhus. L\u00e6s artiklen fra RegionMidts magasin Dialog, nr. 30 2016, [&hellip;]","og_url":"https:\/\/conpleks.com\/robotech\/conpleks-robotech-magasin-regional-udvikling-dialog\/","og_site_name":"Robotech","article_modified_time":"2016-09-18T20:54:38+00:00","twitter_card":"summary_large_image","schema":{"@context":"https:\/\/schema.org","@graph":[{"@type":"WebPage","@id":"https:\/\/conpleks.com\/robotech\/conpleks-robotech-magasin-regional-udvikling-dialog\/","url":"https:\/\/conpleks.com\/robotech\/conpleks-robotech-magasin-regional-udvikling-dialog\/","name":"Conpleks Robotech i Magasin for Regional Udvikling; Dialog - Robotech","isPartOf":{"@id":"https:\/\/conpleks.com\/robotech\/#website"},"datePublished":"2016-09-16T08:50:22+00:00","dateModified":"2016-09-18T20:54:38+00:00","breadcrumb":{"@id":"https:\/\/conpleks.com\/robotech\/conpleks-robotech-magasin-regional-udvikling-dialog\/#breadcrumb"},"inLanguage":"da-DK","potentialAction":[{"@type":"ReadAction","target":["https:\/\/conpleks.com\/robotech\/conpleks-robotech-magasin-regional-udvikling-dialog\/"]}]},{"@type":"BreadcrumbList","@id":"https:\/\/conpleks.com\/robotech\/conpleks-robotech-magasin-regional-udvikling-dialog\/#breadcrumb","itemListElement":[{"@type":"ListItem","position":1,"name":"Home","item":"https:\/\/conpleks.com\/robotech\/"},{"@type":"ListItem","position":2,"name":"Conpleks Robotech i Magasin for Regional Udvikling; Dialog"}]},{"@type":"WebSite","@id":"https:\/\/conpleks.com\/robotech\/#website","url":"https:\/\/conpleks.com\/robotech\/","name":"Robotech","description":"Outdoor Mobile Robots","potentialAction":[{"@type":"SearchAction","target":{"@type":"EntryPoint","urlTemplate":"https:\/\/conpleks.com\/robotech\/?s={search_term_string}"},"query-input":"required name=search_term_string"}],"inLanguage":"da-DK"}]}},"_links":{"self":[{"href":"https:\/\/conpleks.com\/robotech\/wp-json\/wp\/v2\/pages\/594"}],"collection":[{"href":"https:\/\/conpleks.com\/robotech\/wp-json\/wp\/v2\/pages"}],"about":[{"href":"https:\/\/conpleks.com\/robotech\/wp-json\/wp\/v2\/types\/page"}],"author":[{"embeddable":true,"href":"https:\/\/conpleks.com\/robotech\/wp-json\/wp\/v2\/users\/2"}],"replies":[{"embeddable":true,"href":"https:\/\/conpleks.com\/robotech\/wp-json\/wp\/v2\/comments?post=594"}],"version-history":[{"count":3,"href":"https:\/\/conpleks.com\/robotech\/wp-json\/wp\/v2\/pages\/594\/revisions"}],"predecessor-version":[{"id":634,"href":"https:\/\/conpleks.com\/robotech\/wp-json\/wp\/v2\/pages\/594\/revisions\/634"}],"wp:attachment":[{"href":"https:\/\/conpleks.com\/robotech\/wp-json\/wp\/v2\/media?parent=594"}],"curies":[{"name":"wp","href":"https:\/\/api.w.org\/{rel}","templated":true}]}}